0. Let f be o(-4). Give n(f).
-7
Let b(q) = q**2 - 3*q - 5. Suppose 51*v - 55*v + 20 = 0. Give b(v).
5
Suppose -63 - 45 = -2*i. Let j be ((-5)/15)/(2/i). Let n(f) = f + 13. Give n(j).
4
Let x(f) be the third derivative of -5*f**4/24 + f**3 - 46*f**2. Give x(5).
-19
Let w(g) = 64 - 32 - 4*g + g**2 - 32. Suppose -4*z + 6 = -6. Determine w(z).
-3
Let p(q) = 3 - 9*q + 25*q - 4*q**2 + 4*q**3 + 2*q**2 - 19*q. Determine p(2).
21
Let k be (2 - (-4)/(-2))/(-2 + 8). Let d(a) be the first derivative of -a**4/4 - a**3/3 + a**2/2 + 3*a - 1. Give d(k).
3
Let o(n) be the first derivative of n**3/3 + 9*n**2/2 - 5*n - 33. Calculate o(-10).
5
Suppose -12*c + 0*c + 48 = 0. Let l(i) = i**3 - 7*i**2 + 5*i + 4. Calculate l(c).
-24
Let s(p) = -2 - 8 - 10*p + 14 + 9*p + 16. Calculate s(22).
-2
Let i(r) be the second derivative of -r**5/20 + 3*r**4/4 + r**3/6 - 2*r**2 + 3*r. Let z be i(9). Let b(s) = s**2 - 3*s - 6. Calculate b(z).
4
Let r = 232 + -244. Let m(v) = -v**3 - 13*v**2 - 12*v + 1. What is m(r)?
1
Suppose 0 = -x + v - 0 + 5, 5*x + 4*v + 2 = 0. Suppose -4 = -x*j - 0*j. Suppose 2*r = 6*r - 4*l - 12, 4*l - 6 = -j*r. Let y(s) = 5*s. Calculate y(r).
15
Let n be 26/(-4) + 1/(-2). Let o(y) = -3 - 104*y + 38*y + 65*y. Give o(n).
4
Let w = 9 - 13. Let c(s) be the second derivative of -s**4/8 - s**3/3 - 5*s**2/2 - 27*s. Let y(u) be the first derivative of c(u). Give y(w).
10
Let d(v) = -23*v + 21. Let l(f) = -20*f + 22. Let j(y) = 5*d(y) - 6*l(y). What is j(6)?
3
Let l(n) be the second derivative of n**4/12 + 13*n**3/6 - 2*n**2 + 62*n. What is l(-14)?
10
Let q(f) = f - 1. Let p(i) = 0*i - 5*i + 6*i. Let c be p(2). Suppose -2*j = -2*b - 16, -4*b + c*j = b + 25. Determine q(b).
-4
Let r(d) = d**3 - 7*d**2 + 7*d - 1. Let b = 5 + 0. Let f be (2/b)/((-10)/(-150)). What is r(f)?
5
Let t(r) = 3*r - 11 - 9*r**2 - 6*r - r**3 - 7*r. Let n = -28 + 26. Let w be (-5)/10 - (-15)/n. Give t(w).
5
Let d(b) = 23*b**2 - 9*b + 20. Let h(q) = 24*q**2 - 9*q + 20. Let k(r) = 4*d(r) - 3*h(r). Let l(i) = -7*i**2 + 3*i - 7. Let n(g) = 6*k(g) + 17*l(g). Give n(4).
5
Let c(z) = z**3 - z**2 + 2*z + 2. Let k = -174 - -174. Give c(k).
2
Let m(s) = -s**2 + 6*s + 6. Let k(b) = 4*b - 2*b + 0*b. Let g be k(-2). Let h be 5*(-6 - -3 - g). What is m(h)?
11
Let l(r) = 2*r - 13. Let w(b) = -b + 13. Let v(i) = -4*l(i) - 5*w(i). What is v(6)?
-31
Let v(c) = -5*c - 3*c**2 - 2*c + 5*c + 2*c - 1 - 2*c. Let h be -2 + 2 + (-2 - -2). Let l = -1 - h. Calculate v(l).
-2
Let v(p) = p**2 + p + 1. Let r(n) = -2*n**2 - 3*n - 1. Let d(o) = -r(o) - 3*v(o). Suppose 52 = 3*x - x. Let y = 26 - x. Calculate d(y).
-2
Let h(a) = a**3 - 3*a**2 - 5*a + 4. Let c be 3 + (46/(-299) - 4/(-26)). Determine h(c).
-11
Suppose -5*s + 1 = 16. Suppose -10 = 3*u + 2*u. Let r = u - s. Let q(w) = -2*w**2 + w. Give q(r).
-1
Let a = -8 - -13. Let t(l) be the first derivative of -3 - 1/2*l**2 + 1/3*l**3 - a*l. Calculate t(0).
-5
Suppose i - 33 = -5*n - 0*i, 3*n - i = 15. Suppose v + 10 = n*v. Let s(z) be the first derivative of z**3 - 2*z**2 + 3*z - 9. Calculate s(v).
7
Let r(a) = 11*a**2 - 10*a - 6. Let o(w) = -13*w**2 + 10*w + 5. Let v(p) = -5*o(p) - 6*r(p). Determine v(10).
11
Suppose 5*c - 25 = -5*g, 3*c + 2*g - 11 - 2 = 0. Let d(o) = 45*o - 8 - 39*o + 6. Give d(c).
16
Suppose 4*s + 3*r = -3, -23 = -3*s + 4*r + 6. Let j(y) = 2*y**2 - 2*y - 3. Give j(s).
9
Suppose -3*o - 1 + 2 = -4*f, -3*o + 5 = -2*f. Suppose 98 = -16*a + 2*a. Let l be (-2)/(f/2) - a. Let k(w) = -w**3 + 5*w**2 - 5. Give k(l).
-5
Suppose 0 = 8*z - 21*z + 208. Let x(v) = v + 14 - z - 7. Calculate x(6).
-3
Let c = 746 + -752. Let q(z) = -z**3 - 7*z**2 - 3*z + 14. Calculate q(c).
-4
Let a(l) = -l**3 + l**2 + l + 1. Let j(v) = -2*v - 12. Let y(n) = -7 - 1 + 9. Let o(z) = j(z) + 4*y(z). Let h be o(-5). Determine a(h).
-1
Let r(p) = -6*p**2 - 1 - 4*p + 15*p - 4*p**2 - p**3 - 6*p + 2*p**2. Give r(-8).
-41
Let i(n) be the first derivative of n**3/3 - 5*n**2/2 - 3*n - 32. What is i(7)?
11
Let w(r) = 25*r**3 + 14*r**2 - 28*r + 17. Let z(h) = -9*h**3 - 5*h**2 + 10*h - 6. Let v(p) = 5*w(p) + 14*z(p). Let c = -4 - -6. Give v(c).
-7
Let h(o) = o**3 - 2*o**2 - 2*o. Let p(r) = 2*r**2 + 14*r + 27. Let n be p(-4). What is h(n)?
3
Let x(y) be the second derivative of y**3/2 - 7*y**2/2 + 88*y. Calculate x(7).
14
Let a(u) = 2*u - 2. Suppose -8 = -4*f - 4*i - 4, -2*f + 8 = 4*i. Let l be -2 - (16 - 2)/f. Suppose -3*g - l*t - 1 = 0, -t - 6 = 2*t. Give a(g).
4
Let d be 1*0/(2/(-1)) - -4. Suppose -d*b - 13 - 3 = 0. Let p(f) = 2*f - 2. What is p(b)?
-10
Let o(f) = 6*f - 9*f + 6*f - 3. Let n(s) = -7*s + 52. Let t be n(7). Determine o(t).
6
Let n(w) be the first derivative of -w**4/2 - 2*w**3/3 - w**2/2 + 2*w - 40. Calculate n(-2).
12
Let l(g) = -g**2 - 9*g - 15. Let v be l(-6). Let n(f) = 6*f**2 + f - 8 - f + 3*f**3 - 2*f**v + f. Suppose -11*a + 24 = -15*a. Calculate n(a).
-14
Let l(t) = -t**3 + 7*t**2 - 3*t - 3. Let r be 12/60*(0 + 30). What is l(r)?
15
Let i be (3 - 5 - 3)*1. Let b = 13 - 10. Let p(a) = -5 + 5*a**2 - 1 + b*a - 1 - 4*a**2. Calculate p(i).
3
Let l = -781 - -775. Let u(r) = -r**2 - 6*r - 9. Calculate u(l).
-9
Suppose 0 = 4*r - 37 + 57. Let h(u) = u**3 + 1. Let l(o) = -o**3 + 6*o**2 + o - 6. Let j(w) = -2*h(w) - l(w). What is j(r)?
-16
Let v(b) = -b**3 + b - 2. Let z be v(0). Let q(f) be the first derivative of 5 + f + 1/2*f**2. Determine q(z).
-1
Let s(j) = 3 + 1 + 4*j - 5. Let y be 375/10*(-4)/(-6). Let u = y + -27. Determine s(u).
-9
Let x(j) be the second derivative of -j**5/60 + j**3/3 - 19*j**2/2 + 7*j. Let n(b) be the first derivative of x(b). Suppose 0 = -0*y - 4*y + 12. Calculate n(y).
-7
Let g(l) = -6*l - 3. Let k be g(-1). Let y(b) be the first derivative of b**4/4 - b**3 + b**2 - 4*b + 1. Calculate y(k).
2
Let v(a) = a**2 + 3*a - 18. Let n be v(0). Let w(f) = f**2 + 19*f + 20. What is w(n)?
2
Let r(p) = p**2 - 8*p + 5. Let y be ((-6)/2 - 0) + -2. Let a(k) = -8 + 1 + 2 - 2*k + 0. Let q be a(y). What is r(q)?
-10
Let x(r) = r**2 + 9*r + 7. Let b(w) = w**2 + 6*w + 5. Let o be 1*(-1)/((-2)/14). Let t(p) = o*b(p) - 5*x(p). Suppose 3*a = 4 + 2. What is t(a)?
2
Let s(j) = 9*j + 17. Let t(u) = 22*u + 35. Let d(k) = -7*s(k) + 3*t(k). What is d(4)?
-2
Let l(p) be the second derivative of 1/60*p**5 + 0 - 1/15*p**6 - 1/6*p**3 + 9*p + 0*p**4 + 9/2*p**2. Let o(v) be the first derivative of l(v). Calculate o(-1).
8
Suppose -35*s = -11*s + 20*s. Let t(y) = 9*y + 3. Let b(k) = 5*k + 1. Let u(d) = 11*b(d) - 6*t(d). Determine u(s).
-7
Let o(q) be the first derivative of -q**3/3 + 5*q**2/2 + 3*q + 4. Let s be o(5). Let d(c) = -1 - 2*c + 4*c**2 - c - c**s - c**2 + 2*c**2. Determine d(3).
8
Let m(y) = -y**2 + 29*y + 1. Let j(x) = x**2 - 25*x - 2. Let n(c) = -5*j(c) - 4*m(c). Give n(9).
6
Let b(p) = -p**3 - p**2 + 13. Let w = -192 - -192. What is b(w)?
13
Let z(s) = 3*s**2 + 19*s + 8. Let n(t) = -t**2 - 2*t - 3. Let w(l) = 5*n(l) + z(l). Determine w(7).
-42
Let y be (-2)/(-9) - 50/900. Let u(v) be the second derivative of 0 - 13/2*v**2 + 1/12*v**4 - y*v**3 - v. Determine u(0).
-13
Suppose -2*l + 4*q - 678 = 0, 3*l + 5*q + 972 = 2*q. Let h be 1880/l + (5/7 - 1). Let r(x) = x + 1. What is r(h)?
-5
Suppose -12*l = -s - 7*l + 5, -3*s = 4*l + 23. Let j(c) = -c - 17. Let m(d) = 9. Let u(w) = -4*j(w) - 7*m(w). Determine u(s).
-15
Let c(l) = 6*l - l + 10*l - 14 - 12*l. Calculate c(13).
25
Let d(k) = 15*k - 1. Let z(q) = -106*q - 56. Let x(g) = 7*d(g) + z(g). Determine x(0).
-63
Let a(f) = 10*f**2 - 5*f - 6. Let g be a(5). Let j(u) = 3 + 216*u - 3 - g*u. Give j(-4).
12
Let s(r) = 2*r**3 - 3*r**2 - r - 2. Let i(h) = h**3 - h**2 - h - 1. Let c(b) = 3*i(b) - s(b). Let p be 1 - (10 + (-9)/3). Let n = -4 - p. Calculate c(n).
3
Let t(v) be the first derivative of -v**3/3 - 7*v**2/2 - 5*v + 2. Let h be ((-10)/4)/((-15)/(-30)). Give t(h).
5
Let o(d) be the first derivative of -d**2 - 5*d + 11. Let t = 4 + -9. What is o(t)?
5
Suppose 8 + 7 = 5*s. Suppose 0 = -s*c + 8*c - 20. Suppose 5*a + 24 = -q + c*q, -5*q + 18 = -a. Let t(l) = l**2 + 2*l - 2. Calculate t(q).
13
Suppose -5*k = -3*k + 2. Let s(p) = 5*p**3 + p**2 + 2*p + 1. Let d be s(k). Let r(u) = 2*u + 6. Calculate r(d).
-4
Suppose 0 = -4*p - 9 - 7. Let x(k) = 8*k. Give x(p).
-32
Let l be (-6 - (8 + -11))*3. Let x(r) = r**3 + 10*r**2 + 12*r + 11. Determine x(l).